{"id":29,"date":"2021-11-18T14:13:33","date_gmt":"2021-11-18T14:13:33","guid":{"rendered":"https:\/\/northpointcenter.hu\/?page_id=29"},"modified":"2026-03-17T09:37:25","modified_gmt":"2026-03-17T09:37:25","slug":"szolgaltatasok","status":"publish","type":"page","link":"https:\/\/northpointcenter.hu\/?page_id=29","title":{"rendered":"Szolg\u00e1ltat\u00e1sok"},"content":{"rendered":"\n<p><\/p>\n\n\n\n<ul class=\"wp-block-list\">\n<li>g\u00e1zf\u0171t\u00e9s<\/li>\n\n\n\n<li>kl\u00edmaberendez\u00e9s<\/li>\n\n\n\n<li>l\u00e9gbef\u00fav\u00f3 \u00e9s szell\u0151ztet\u0151 berendez\u00e9s<\/li>\n\n\n\n<li>videofel\u00fcgyelettel ell\u00e1tott irodai bej\u00e1ratok \u00e9s parkol\u00f3szintek<\/li>\n\n\n\n<li>bel\u00e9ptet\u0151 rendszer \u00e9s duplex telefonrendszerrel felszerelt bej\u00e1rati ajt\u00f3k<\/li>\n\n\n\n<li>soromp\u00f3s rendszerrel ell\u00e1tott gar\u00e1zsbej\u00e1r\u00f3<\/li>\n\n\n\n<li>a sz\u00e1m\u00edt\u00e1stechnikai k\u00e1belek v\u00e9d\u0151cs\u00f6vez\u00e9se minden irod\u00e1ban biztos\u00edtott<\/li>\n\n\n\n<li>2 felvon\u00f3<\/li>\n\n\n\n<li>115 parkol\u00f3hely<\/li>\n\n\n\n<li>t\u0171zjelz\u0151 rendszer<\/li>\n\n\n\n<li>benzink\u00fat<\/li>\n\n\n\n<li>SPAR Express bolt<\/li>\n<\/ul>\n","protected":false},"excerpt":{"rendered":"","protected":false},"author":1,"featured_media":0,"parent":0,"menu_order":0,"comment_status":"closed","ping_status":"closed","template":"","meta":{"footnotes":""},"class_list":["post-29","page","type-page","status-publish","hentry"],"_links":{"self":[{"href":"https:\/\/northpointcenter.hu\/index.php?rest_route=\/wp\/v2\/pages\/29","targetHints":{"allow":["GET"]}}],"collection":[{"href":"https:\/\/northpointcenter.hu\/index.php?rest_route=\/wp\/v2\/pages"}],"about":[{"href":"https:\/\/northpointcenter.hu\/index.php?rest_route=\/wp\/v2\/types\/page"}],"author":[{"embeddable":true,"href":"https:\/\/northpointcenter.hu\/index.php?rest_route=\/wp\/v2\/users\/1"}],"replies":[{"embeddable":true,"href":"https:\/\/northpointcenter.hu\/index.php?rest_route=%2Fwp%2Fv2%2Fcomments&post=29"}],"version-history":[{"count":4,"href":"https:\/\/northpointcenter.hu\/index.php?rest_route=\/wp\/v2\/pages\/29\/revisions"}],"predecessor-version":[{"id":338,"href":"https:\/\/northpointcenter.hu\/index.php?rest_route=\/wp\/v2\/pages\/29\/revisions\/338"}],"wp:attachment":[{"href":"https:\/\/northpointcenter.hu\/index.php?rest_route=%2Fwp%2Fv2%2Fmedia&parent=29"}],"curies":[{"name":"wp","href":"https:\/\/api.w.org\/{rel}","templated":true}]}}